 is the tens digit of a(b)?
1
Suppose -1 = -3*x - 52. Let f = 25 + x. What is the units digit of f?
8
Let l(t) = 2*t**2 + 10*t + 1. Let n be l(-7). What is the units digit of (-2)/8 + n/4?
7
Suppose b - 58 = -3*p, 2*b - 6*b - 2*p = -222. What is the units digit of b?
5
Suppose 21 + 45 = 2*a. What is the units digit of a?
3
Let r(h) = 2*h - 3. Let m be r(4). Suppose 16 = 2*p + 2*w, -p + 0*p + 8 = m*w. What is the units digit of p?
8
Let y = 2 + 2. Suppose 0 = -y*x + 8*x - 108. What is the tens digit of x?
2
Let y be 0 + (60/3)/2. Let d(r) = 2*r**2 - 15*r + 5. What is the tens digit of d(y)?
5
What is the units digit of 3/6 + (-394)/4*-1?
9
Let b be (-4)/18 - (-60)/27. Suppose b*g + 3*g - 10 = 0. Suppose 3*m = -g*m + 20. What is the units digit of m?
4
Suppose -m + 63 = -0*m. What is the tens digit of m?
6
Let y(w) = 6*w**2 - w. Suppose -2*t + 9 - 1 = c, 0 = -t - 5*c + 13. Suppose -t*o + 0*o + 3 = 0. What is the units digit of y(o)?
5
Let o(m) = -m**2 - 4*m - 2. Let t be o(-2). Let b = -4 - t. What is the tens digit of ((-18)/(-6))/(b/(-20))?
1
Suppose z + 0*r = -5*r - 31, 0 = 5*z + 3*r + 45. What is the units digit of ((-20)/z)/(4/6)?
5
Let f be (-1)/2*0/1. Let o(x) be the first derivative of -x**3/3 + 5*x - 2. What is the units digit of o(f)?
5
Let d = 162 - 112. What is the units digit of d?
0
Let n(z) = 24*z**3 - z**2 - z. Let j = 3 + -4. Let c be n(j). Let m = 44 + c. What is the tens digit of m?
2
Suppose o + 2 - 3 = 0. Let j be o - (-1 - -2 - 2). Suppose -j*q = -3*q + 3. What is the units digit of q?
3
Suppose 33 + 92 = 5*z. Suppose z = 5*h, -a - a + h + 9 = 0. What is the units digit of 82/7 - (-2)/a?
2
Let f(d) = d**2 + 7*d - 18. What is the units digit of f(-15)?
2
Suppose -2*b + 15 = x + 5, 2*x - 5*b - 2 = 0. Let l(j) = -6*j + 9 - 2 - 5*j**2 - j**3 + 2*j**3. What is the units digit of l(x)?
7
Let f be 54/(-10) - (-2)/5. Let i be 1*-1*3*f. Suppose -3*y - 2*y = 5*t - i, -2*t + 26 = -3*y. What is the units digit of t?
7
Let w(q) = 5*q + 19. What is the units digit of w(21)?
4
Let u = -2 + 5. Suppose 0 = u*o + 2*o - 35. What is the units digit of o?
7
Let q be (-1 - 1) + -3 + 3. What is the units digit of (0 - -1)/(q/(-6))?
3
Let r(a) = 5*a - 1. Let w be r(-1). Let k = 28 + w. Suppose -k = -0*f - 2*f. What is the tens digit of f?
1
Suppose 0 = -t - 0*t + 8. Let m be -2*(-2)/(t/10). Suppose -i - 5*n = -12 + 3, 0 = -m*n + 5. What is the units digit of i?
4
Suppose 2*x = 6*x - 536. What is the hundreds digit of x?
1
Suppose -1 = -j + 2, 0 = -2*p - 4*j + 208. What is the units digit of p?
8
Let u be 6/8 - (-25)/20. Suppose -3*z = 3*r - 4*r - 8, u*z - 3*r - 10 = 0. Suppose 5*w = -15, -3 = 3*s + 2*w + z*w. What is the units digit of s?
3
Let p = -95 - -163. What is the tens digit of p?
6
Let a(q) = 6*q**2 - 9. What is the units digit of a(4)?
7
Suppose 0*n = 4*n - 68. What is the units digit of n?
7
Suppose 2*x - 5*d = 49, 3*d - 163 = -5*x + 2*d. What is the tens digit of x?
3
Suppose -2*r + 3*t - 15 = r, 39 = -3*r - 5*t. Let u(p) = 4*p + 10. Let l be u(r). What is the units digit of (2 + l)*6/(-15)?
8
Let v = 7 - 12. Let a(y) = -y**3 - 9*y**2 - 7*y - 1. Let l be a(-8). Let r = v - l. What is the units digit of r?
4
Let o = -21 + 85. What is the tens digit of o?
6
Suppose -135 = -c - 4*c. What is the units digit of c?
7
Let r(c) = -c**2 + 11*c - 2. What is the units digit of r(10)?
8
Let a = -5 + 22. Suppose v - a - 5 = -3*p, -4*v + 121 = p. What is the tens digit of v?
3
Let q be -4 + (2 - 0 - 1). Let r be q/(-15) + (-28)/(-10). Let h(f) = f**3 - 3*f**2 + 3*f - 4. What is the units digit of h(r)?
5
Suppose -4*g - r + 361 = -336, 0 = g - 3*r - 158. What is the units digit of g?
3
Let f be (-1)/(1 + (-10)/8). Suppose -t + 130 = f*j - 4*t, -4*j + 4*t = -128. What is the units digit of j?
4
Let y(p) = -p**3 - 4*p**2 - 3*p - 14. What is the tens digit of y(-6)?
7
Suppose -4*g + 5*x + 2 = 0, 0 = g + 8*x - 3*x + 12. What is the units digit of (-935)/(-35) - g/7?
7
Suppose -355 - 265 = -5*r. What is the tens digit of r?
2
Suppose 0 = -t - k + 10, 2*t - 2*k + 0 = 4. What is the units digit of t?
6
Suppose 0 = -4*m - g + 7, -18 - 7 = -5*m + 2*g. Let s = m - 1. What is the units digit of s?
2
What is the units digit of 2/13 - (-18918)/234?
1
Let c = 44 - -69. What is the hundreds digit of c?
1
Suppose 0 = -0*u - 4*u. Suppose u - 3 = -r. What is the units digit of r?
3
Let x = -1 + 19. Let t = 58 - x. What is the units digit of 1/(-5) + 408/t?
0
Let b = -66 + 103. What is the tens digit of b?
3
Let z = -69 - -422. What is the hundreds digit of z?
3
Let z be -1*(-1)/(4/12). Suppose -z*x + t + 94 = -51, -4*t + 188 = 4*x. What is the tens digit of x?
4
Let j = -9 - -5. Let d(p) = -7*p - 3. Let h be d(j). Let v = 45 - h. What is the units digit of v?
0
Let m(q) = -q - 11. What is the units digit of m(-16)?
5
Let y(k) = k**2 - 5*k + 5. Let q be y(5). Suppose -8 = -q*c + 87. What is the tens digit of c?
1
What is the units digit of -2 - (-3 - 160/4)?
1
Let o = 2 + 17. What is the tens digit of o?
1
Let y be (1 + -6)*10/(-25). Suppose -2*v + 5*m - 19 = 0, 4*m + 2 = 4*v + y*m. Let u = -1 + v. What is the units digit of u?
2
Suppose -c + 0*a + 14 = 2*a, -c - 7 = -5*a. Suppose -4*r = -36 - c. What is the units digit of r?
1
Let i(c) = -19*c**2 - 2*c + 2. Let d be i(-2). Let j = -38 - d. What is the units digit of j?
2
Let n = -25 + 15. What is the units digit of (-52)/n - (-7)/(-35)?
5
What is the tens digit of 7 + 149 - (2 + 1)?
5
Let d(j) = 2*j**2 + 10*j + 4. Let z be d(-7). Let o = 62 - z. What is the units digit of o?
0
Suppose -3*u = 15, 3*r + 3*u + 7 - 1 = 0. Suppose -r = -2*g + 3. What is the units digit of g?
3
Let f = 36 - -3. What is the units digit of f?
9
Suppose 4*f - 2*f = 8. Let a be (f/2)/(3 - 4). What is the tens digit of (12/(-14))/(a/42)?
1
Suppose -h + 2*h = 0. Let s be (-1 - (h + -1))/1. Suppose -3*j = -s*j - 9. What is the units digit of j?
3
Let p(m) be the second derivative of m**5/20 - m**4/3 + m**3/3 - 2*m**2 + m. Let d be p(4). What is the units digit of 1/2*d*2?
4
Suppose 0*i = 2*i - 2. Let z = 4 - i. Suppose -j - 34 = -z*j. What is the tens digit of j?
1
Let l be -7 - (-6 + 4 - -2). Let z(i) = 3 - 1 - i**2 - 9*i - 6. What is the tens digit of z(l)?
1
Let q = -12 - -8. Let t = 0 + q. What is the units digit of 1 - (6/3 + t)?
3
Suppose -4 = 2*b - b. Let z = b - -12. Suppose 2 + z = 5*l. What is the units digit of l?
2
Let l(h) = h**3 - 2*h - 1. Let f be l(2). Let a be ((-2)/(-5))/(f/(-15)). What is the units digit of (-12)/a - (4 - 3)?
5
Let k(p) = -4*p**3 - 10*p**2 + 6*p. Let w(c) = -7*c**3 - 19*c**2 + 12*c - 1. Let q(v) = -5*k(v) + 3*w(v). What is the units digit of q(-8)?
3
Let f = -6 - -5. Let w(b) = 31*b**2 + 1. Let l be w(f). Suppose l = -c + 3*c. What is the tens digit of c?
1
What is the tens digit of (312/(-42))/((-2)/7)?
2
Let u(l) = l**2 - 5*l + 3. Let k(s) = 4*s**2 - 14*s + 8. Let j(r) = 4*k(r) - 11*u(r). What is the units digit of j(-1)?
5
Suppose 4*l + 2*h - 5*h - 115 = 0, 5*l - 143 = 4*h. What is the units digit of l?
1
Suppose -4*m - 3 - 5 = 0. What is the units digit of 3 + (1 - -1) + m?
3
Suppose -a + s = -6, -s - 18 = a + 4*s. Suppose a*i + 0*i - 28 = 0. What is the units digit of i?
4
Let u = 30 - -10. Let s = -21 + u. What is the units digit of s?
9
Let c(h) = h**2 - 18*h + 19. What is the units digit of c(17)?
2
Let j(y) = -y**2 - 8*y + 2. Let l be j(-7). Let a = l - 4. Suppose a*k = -3*f - 4, f = -f - 6. What is the units digit of k?
1
Let p(x) = x**3 + 7*x**2 - 12*x - 10. What is the tens digit of p(-8)?
2
Let l(h) = h**2 + 6*h - 15. What is the tens digit of l(-11)?
4
Let t = 3 + -8. Suppose 0 = -3*q + q - 24. Let i = t - q. What is the units digit of i?
7
Let a = 10 - -7. Let z = a + -3. What is the units digit of z?
4
Let a = -29 + 29. Suppose 4*n - 3*r + 8*r - 178 = 0, 3*n + 5*r - 136 = a. What is the tens digit of n?
4
Suppose n = -4*n + 4*l + 1372, 3*l = 5*n - 1369. What is the tens digit of n?
7
Suppose -5*b + 591 = -399. What is the hundreds digit of b?
1
Let y(m) = -5*m - 1. What is the units digit of y(-4)?
9
Suppose 2*o + 2*g = 48, 2*g - g + 3 = 0. Suppose -2*t + o = -5*t + l, 3*l = 4*t + 41. Let b(r) = -r + 3. What is the tens digit of b(t)?
1
Suppose -2*h = 3*h - 50. What is the tens digit of h?
1